 - 138 = -o*d. What is the highest common factor of d and 12?
12
Let l(f) = 2*f**3 - 3*f**2 + 3*f - 2. Let a be l(2). Suppose -38 = -k - 6. Calculate the highest common divisor of a and k.
8
Suppose 2*t = -4*k + k + 45, 0 = 5*k - 3*t - 75. Calculate the highest common factor of k and 10.
5
Let w be (-20)/(-6)*(-12)/(-5). Calculate the highest common divisor of 2 and w.
2
Suppose 4*y + 5*z + 0*z = 10, 0 = -3*z + 6. Let j be 57 - 2 - y/1. Suppose j = 2*o - 53. What is the greatest common divisor of 36 and o?
18
Let b(v) = 4 - v + 0*v - 5*v - v**2. Let x be b(-6). Let n be 10*4/10*x. What is the highest common factor of 112 and n?
16
Let o(z) = 7*z**2 - z + 1. Let s be o(1). Suppose -3*c + 4 = -5, 0 = 3*g + c - 45. What is the highest common factor of g and s?
7
Let s(o) = 2*o**2 - 6*o + 1. Let a be s(4). Let b = 2 + 1. Suppose -b*v = -147 - 150. Calculate the highest common factor of a and v.
9
Let q(p) = -p**2 - 3*p + 6. Let a be q(-4). Calculate the highest common divisor of 4 and a.
2
Suppose 1 = -s, 2*s + 17 = -5*f + 70. Suppose -77 - 88 = -5*a. Calculate the greatest common divisor of a and f.
11
Suppose -4*s - 2 + 10 = 0. Suppose q - 3*q + 4 = 0. Suppose -q*p - 2 + 30 = 0. What is the highest common factor of p and s?
2
Let m be (0 + 25)*(-16)/(-20). Calculate the highest common factor of 100 and m.
20
Let i be ((-40)/1)/(-2) + -4. Calculate the greatest common factor of i and 176.
16
Suppose -15 = 5*p, -5 = -5*z - 5*p + 20. Suppose 2 = 3*r - 4. What is the greatest common factor of z and r?
2
Suppose 0 = -o - 13 + 74. Let l = o - 40. Calculate the highest common divisor of l and 189.
21
Suppose -4*p + 350 = 2*o, -2*p - 2*p + o + 353 = 0. Calculate the greatest common divisor of p and 8.
8
Let h(f) = -f**2 + 6*f - 2. Let c be h(5). Let m(z) = 3*z**2. Let i be m(1). Calculate the highest common divisor of c and i.
3
Suppose -4*q - 4 = 0, q = -2*r - q - 4. Let u be -10*(-3 + r)/4. What is the highest common factor of 20 and u?
10
Suppose 0 = -5*m + 3*c + 31, 2*c = 3*m + 4*c - 11. Suppose 14 = -i - i. Let x(n) = n + 12. Let j be x(i). Calculate the highest common factor of j and m.
5
Let f(n) be the first derivative of -11*n**2/2 + 11*n - 4. Let j be f(-8). Let d(r) = -3*r - 7. Let k be d(-6). Calculate the highest common divisor of k and j.
11
Suppose 16 = 2*r + 2*r. Suppose 2*s - 25 = s. Let x = s + -9. What is the highest common divisor of x and r?
4
Let c be ((-1)/2)/(2/(-16)). Suppose -18 = 4*b - b. Let g be 14*1 + b + 4. What is the highest common factor of g and c?
4
Suppose -5*k + 10 = 5*p, 2*p = 4*k - 13 - 1. What is the highest common divisor of 39 and k?
3
Let h be -3*(-1)/(-3)*2. Let n = h - -1. Let x = n - -3. What is the greatest common divisor of x and 8?
2
Let b(x) = -x**2 + x + 1. Let v(q) = q**2 - 3*q + 3. Let k(l) = -2*b(l) - v(l). Let r be k(4). What is the greatest common divisor of 165 and r?
15
Let b be 11/(-33)*(1*-2 - 37). Calculate the greatest common divisor of 13 and b.
13
Let w = 24 - 53. Let m = w + 57. Calculate the greatest common divisor of 14 and m.
14
Let t = 75 - 61. Suppose -m - 2*x = 14, 5*x - 2 = -m - 31. Let o be m/t - (-642)/42. Calculate the greatest common divisor of o and 165.
15
Let j be 22/4 - (-4)/(-8). Suppose -j*r - 129 = -624. Calculate the highest common divisor of r and 11.
11
Let m be ((-6)/4)/(6/(-16)). Suppose m*y - 2*w - 316 = 0, y + 2*w - 97 = -2*w. Suppose 14 + 31 = 5*i. What is the highest common divisor of i and y?
9
Let a(x) = 6*x - 5. Let j be -1*(-1 - (-4)/(-2)). Let c be a(j). What is the greatest common divisor of 91 and c?
13
Let v be (-2)/(-8) - 35/(-4). Let z be 84/v - (-1)/(-3). Calculate the highest common divisor of z and 45.
9
Suppose 0 = -3*m - 3 + 51. Calculate the highest common divisor of m and 96.
16
Suppose 2*i = -5*f + 28, 0 = -2*i - 2*f - 9 + 25. Suppose 0 = -i*b - 2*z + 7*z + 178, b - 2*z = 46. Calculate the greatest common divisor of b and 28.
14
Let i = 23 + -9. Let u be 8/6*6/4. Suppose -u*d + 3*n + 240 = -n, -3*n + 548 = 5*d. What is the greatest common divisor of d and i?
14
Let u = -13 - -22. Let r = 31 - 22. Calculate the highest common factor of u and r.
9
Let q be (-13)/(-4) + (-1)/4. Suppose -2*m = -3*u + 55, q*u = m + 28 + 22. Calculate the highest common factor of u and 5.
5
Let v = 10 + 1. Let w = -12 - -23. What is the highest common factor of w and v?
11
Suppose -2*d + 6*d + 400 = -2*y, -978 = 5*y - d. Let c = -136 - y. Suppose 18 = -3*z + c. What is the greatest common factor of 112 and z?
14
Let j(r) = 11*r - 21. Let n be j(3). Let o be (-1 + -14)*4*-1. What is the highest common factor of n and o?
12
Let m = 4 + -7. Let s be ((-33)/(-11))/(m/(-112)). Calculate the greatest common factor of 16 and s.
16
Suppose -7*c + 270 = 2*c. Calculate the greatest common factor of c and 12.
6
Let l(k) = -k**3 + 3*k**2 + k + 2. Let j be l(3). Suppose 0 = -5*z + 203 - 28. What is the greatest common factor of j and z?
5
Let b = 21 + -3. What is the highest common factor of 45 and b?
9
Let l = 47 - 40. Suppose 3*g = -5*s + 58 + 21, 31 = g - 3*s. Calculate the greatest common factor of l and g.
7
Let g = 69 + -57. Calculate the highest common factor of g and 42.
6
Let c(y) = 89*y - y**2 - 6 + 2 - 80*y. Suppose 0 = u + 3 - 9. Let j be c(u). What is the greatest common divisor of j and 42?
14
Let n(b) = b**3 + 2. Let l be n(-2). Let w be (-12)/((4/l)/2). Calculate the highest common divisor of w and 24.
12
Let v(m) = m**3 - m**2 - 7*m + 3. Let a be v(5). Calculate the highest common divisor of 204 and a.
68
Suppose -w - 1008 = 3*w. Let j = 380 + w. Let v = 28 - 12. What is the highest common divisor of j and v?
16
Suppose 5*b - 22 = 3*l + 111, 0 = 4*l - 16. What is the highest common divisor of 116 and b?
29
Suppose u - 1 - 3 = 0, u + 12 = 4*f. Suppose -j + 20 = f*j. Calculate the greatest common factor of j and 2.
2
Suppose 5*y + 2*c - 550 = 0, 221 = -2*y + 4*y + c. Calculate the highest common factor of y and 12.
12
Let a be (1 - -3)*(-4)/(-1). Let h = a + -7. Calculate the highest common factor of 81 and h.
9
Suppose -7*m + 35 = -2*m. Suppose 6 + m = y. Calculate the highest common factor of y and 65.
13
Suppose g - 43 = -4*t + 2*g, 4*g = 4. Let z(v) = -2*v - 3. Let j be z(-2). What is the greatest common divisor of t and j?
1
Let o = -37 - -104. Suppose 0*c + 23 = c + 4*k, 5*c = -4*k + o. Let l = 3 - -30. What is the highest common divisor of l and c?
11
Let w = -23 + 11. Let t = w - -24. Calculate the greatest common divisor of 60 and t.
12
Suppose -13 = -s - 12. Suppose -4*l + 14 = 3*o + l, 2*o - 12 = -2*l. What is the greatest common divisor of s and o?
1
Suppose -5*w = -89 - 1. Let o = -10 - -16. What is the highest common factor of w and o?
6
Suppose g - n + 5 + 5 = 0, 2*g = -5*n + 8. Let r be (9/g)/((-6)/64). Calculate the greatest common divisor of r and 32.
16
Let y(s) = 7*s**2 - 10*s - 11. Let r(m) = m**2. Let x(l) = 6*r(l) - y(l). Let g be x(12). Let i = -8 - g. What is the greatest common divisor of 5 and i?
5
Let q be (-248)/(-6) - 0 - (-1)/(-3). Calculate the highest common divisor of q and 41.
41
Let a be (-1*2)/2 - -1. Suppose 4*d + a*w + 4*w + 8 = 0, 6 = -3*w. Suppose g - 3 + 1 = d. Calculate the highest common factor of g and 2.
2
Suppose -170 = 3*x + 217. Let y be x/(-3) - -2 - -2. Let h = y + -26. Calculate the greatest common factor of h and 7.
7
Let p be (-2)/(0 + 1 - 2). Suppose -6 = -p*x + 2. What is the highest common divisor of 4 and x?
4
Let v = -19 - -30. Let m be 33 - (1*-3 + 2). Let d be m/(-1 + 2) - 1. Calculate the greatest common divisor of d and v.
11
Suppose -13 = -4*b + 3*o, -2*o - 9 = -3*b - 0. Suppose 2*n = k + 20, -n + 14 - b = k. Calculate the highest common divisor of n and 33.
11
Let v be 196/9 + (-34)/(-153). Let i be (-2)/(v/(-10) + 2). Calculate the highest common factor of 110 and i.
10
Suppose -j = -2*n - 3*j + 236, -3*j = -5*n + 598. Calculate the highest common divisor of n and 17.
17
Let m = 3 - 1. Suppose -4*x + 3*l = -40, -7*x + 5*l + 50 = -m*x. What is the greatest common factor of 25 and x?
5
Let n(q) = 3*q - 18. Let y be n(19). What is the highest common factor of 39 and y?
39
Let j be (-71)/(-2) - 4/(-8). Let c be 0 - 0 - 36/(-6). Suppose c*d - 24 = 2*d. Calculate the greatest common divisor of d and j